{"id":14276,"date":"2023-07-31T13:38:36","date_gmt":"2023-07-31T13:38:36","guid":{"rendered":"https:\/\/cursodepnl.com\/exitosq\/?page_id=14276"},"modified":"2023-07-31T13:44:39","modified_gmt":"2023-07-31T13:44:39","slug":"exitosamente-liberate","status":"publish","type":"page","link":"https:\/\/cursodepnl.com\/exitosq\/exitosamente-liberate\/","title":{"rendered":"ExitosaMente Liberate Limitandote"},"content":{"rendered":"<h2>ACCEDE AHORA A EXITOSAMENTE Y RECIBE EL MATERIAL COMPLETO SOBRE LIB\u00c9RATE LIMIT\u00c1NDOTE!<\/h2>\n<p><img loading=\"lazy\" decoding=\"async\" src=\"https:\/\/cursodepnl.com\/exitosq\/wp-content\/uploads\/2021\/05\/descargarlibertatelimit.jpg\" alt=\"\" title=\"descargarlibertatelimit\" width=\"1140\" height=\"0\" data-op3-attachment-id=\"9807\" \/><\/p>\n<h1>\u00bfQU\u00c9 ES EXITOSAMENTE Y C\u00d3MO PUEDES ACCEDER?<\/h1>\n<p>Son cursos mensuales de superaci\u00f3n &amp; PNL, con certificado, que recibes una vez por mes.Para hacer cuando quieras, donde quieras.Tambi\u00e9n recibes audios, videos y otros materiales todos focalizados en tu bienestar f\u00edsico y emocional.<img loading=\"lazy\" decoding=\"async\" src=\"https:\/\/cursodepnl.com\/exitosq\/wp-content\/uploads\/2022\/08\/exi-1__opdb-op6304f82ddb6c75-35812310.jpg\" alt=\"\" title=\"EXI (1)\" width=\"752\" height=\"431\" data-op3-attachment-id=\"12657\" \/><img loading=\"lazy\" decoding=\"async\" src=\"https:\/\/cursodepnl.com\/exitosq\/wp-content\/uploads\/2023\/01\/mujer_son_cel.webp\" alt=\"\" title=\"mujer_son_cel\" width=\"1280\" height=\"720\" data-op3-attachment-id=\"13445\" \/><\/p>\n<h2>PARA RECIBIRLO ES MUY SIMPLE:<\/h2>\n<p><a href=\"https:\/\/cursodepnl.com\/exitosq\/suscribirse-cursos-de-superacion-mensual\/\" target=\"_self\" data-op-action=\"link\" data-op3-smooth-scroll=\"\" rel=\"noopener\">TE SUSCRIBES HOY A EXITOSAMENTE SIN PAGAR NADA DESDE AQU\u00cd.<\/a>RECIBES TU ACCESO HOY AL PRIMER CURSO DE SUPERACI\u00d3N DEL MES.Luego, todos los meses recibes un nuevo curso sobre un tema concreto para tu superaci\u00f3n y crecimiento personal. Lo haces a tus tiempos, lo terminas y recibes tu certificado.Todos los cursos est\u00e1n pensados para que aprendas, ejecutes y logres lo que te propones!<\/p>\n<h2>Con estos cursos, audios y gu\u00edas de acci\u00f3n, que contienen la elecci\u00f3n de los mejores temas y t\u00e9cnicas de PNL, superaci\u00f3n y psicolog\u00eda conductual, siempre vas a estar conectado\/a&nbsp;a tu crecimiento personal y a tus objetivos. &nbsp;Y as\u00ed nunca vivas una vida en \u00abpiloto autom\u00e1tico\u00bb sino una acorde a lo que deseas para ti&nbsp;.<\/h2>\n<h2>ALGUNOS DE LOS TEMAS SON:<\/h2>\n<p>COMO CREAR H\u00c1BITOS DE \u00c9XITO PARA NO POSPONER TUS METAS Y VIVIR MEJORQU\u00c9 ES Y C\u00d3MO EVITAR EL AUTOSABOTAJEAUMENTAR TU AUTOESTIMA Y SEGURIDAD INTERNA PARA MEJORAR TUS RELACIONES EN TODAS LAS \u00c1REAS DE TU VIDA.REDUCIR LA ANSIEDAD Y APRENDER A MANEJAR LAS EMOCIONES NEGATIVASHABLAR EN P\u00daBLICO SIN MIEDOSDESCUBRIR QU\u00c9 ES LO QUE OTROS EST\u00c1N PENSANDO A TRAV\u00c9S DEL LENGUAJE CORPORALLAS MEJORES T\u00c9CNICAS DE INFLUENCIA, INSPIRACI\u00d3N Y PERSUACI\u00d3NATRAER ABUNDANCIA A TU VIDA, DE FORMA REALMEJORAR LA MEMORIA CON LAS T\u00c9CNICAS M\u00c1S SIMPLES Y EFECTIVASMOTIVACI\u00d3N?  SIRVE? C\u00d3MO OBTENERLA?<img loading=\"lazy\" decoding=\"async\" src=\"https:\/\/cursodepnl.com\/exitosq\/wp-content\/uploads\/2023\/06\/cursosex-1.jpg\" alt=\"\" title=\"cursosex (1)\" width=\"840\" height=\"660\" data-op3-attachment-id=\"14056\" \/><img loading=\"lazy\" decoding=\"async\" src=\"https:\/\/cursodepnl.com\/exitosq\/wp-content\/uploads\/2022\/08\/materialexito__opdb-op6304f82ddb6c75-35812310.jpg\" alt=\"\" title=\"materialexito\" width=\"627\" height=\"488\" data-op3-attachment-id=\"12662\" \/><img loading=\"lazy\" decoding=\"async\" src=\"https:\/\/cursodepnl.com\/exitosq\/wp-content\/uploads\/2023\/06\/cursosexitosamente2-1.jpg\" alt=\"\" title=\"cursosexitosamente2 (1)\" width=\"894\" height=\"754\" data-op3-attachment-id=\"14067\" \/>EFT: LIBERACI\u00d3N EMOCIONAL PARA DESCUBRIR Y DESTRABAR\u00bb LO QUE QUIZ\u00c1S TE EST\u00c9 FRENANDO PARA SENTIRTE MEJOR Y LOGRAR TUS METASMEJORAR TU SALUD DE FORMA NATURAL. INCLUYE GU\u00cdA PARA APRENDER A RESPIRAR Y RELAJARTE CUANDO LO NECESITES.&nbsp;T\u00c9CNICA DE VENTAS CON PNLAPRENDER A PONER L\u00cdMITES PARA VIVIR MEJORT\u00c9CNICAS PARA EJERCITAR TU CEREBRO: NEUROBICSINCENTIVAR EL PENSAMIENTO POSITIVOELIMINAR MIEDOS IRRACIONALES QUE NO NOS DEJAN VIVIR EN PAZ&nbsp;&nbsp;C\u00d3MO AYUDAR A PERSONAS QUE SUFREN BULLYING<\/p>\n<h2>todos los cursos vienen con audios binaurales!<\/h2>\n<p><img loading=\"lazy\" decoding=\"async\" src=\"https:\/\/cursodepnl.com\/exitosq\/wp-content\/uploads\/2023\/06\/audiosexito.jpg\" alt=\"\" title=\"audiosexito\" width=\"600\" height=\"240\" data-op3-attachment-id=\"14061\" \/><img loading=\"lazy\" decoding=\"async\" src=\"https:\/\/cursodepnl.com\/exitosq\/wp-content\/uploads\/2023\/06\/fotos.jpg\" alt=\"\" title=\"fotos\" width=\"653\" height=\"352\" data-op3-attachment-id=\"14062\" \/><\/p>\n<h2>\u00danete a los m\u00e1s de 3237 suscriptos que descubren y aprenden m\u00e1s sobre su Superaci\u00f3n &amp; \u00c9xito<\/h2>\n<p><img loading=\"lazy\" decoding=\"async\" src=\"https:\/\/cursodepnl.com\/exitosq\/wp-content\/uploads\/2022\/12\/exitosamente.png\" alt=\"\" title=\"exitosamente\" width=\"900\" height=\"500\" data-op3-attachment-id=\"13324\" \/><\/p>\n<h2>ACCEDE AHORA Y RECIBE LA GU\u00cdA COMPLETA LIB\u00c9RATE LIMIT\u00c1NDOTE!&nbsp;<\/h2>\n<h2>SUSCRIBI\u00c9NDOTE AHORA A EXITOSAMENTE<br \/>\nY A MITAD DE PRECIO!!<br \/>\nY TE DAS DE BAJA CUANDO QUIERAS!!!<br \/>\nEL COSTO POR MES CON EL DESCUENTO ES DE:<br \/>\nArgentina: 8000&nbsp; &nbsp;2990 pesos<br \/>\nM\u00e9xico: 350&nbsp; &nbsp; 175 pesos<br \/>\nChile: 16.520&nbsp; &nbsp; &nbsp;8.260 pesos<br \/>\nUruguay: 764&nbsp; &nbsp; 382 pesos uruguayos<br \/>\nEspa\u00f1a: 18&nbsp; &nbsp; &nbsp; 9 \u20ac<br \/>\nCosta Rica: 12290&nbsp; &nbsp; &nbsp;6145 $<br \/>\nPanam\u00e1:&nbsp; &nbsp;9&nbsp; usd<br \/>\nEcuador: 18  9 usd.<br \/>\nPer\u00fa: 66&nbsp; &nbsp; 33 soles<br \/>\nColombia: 77.800&nbsp; &nbsp; 38.900 pesos<br \/>\nOtros pa\u00edses:   18  9 usd.<\/h2>\n<p><a href=\"https:\/\/cursodepnl.com\/exitosq\/suscribirse-cursos-de-superacion-mensual\/\" class=\"op3-background-ancestor\" target=\"_self\" data-op-action=\"link\" data-op-animation-trigger=\"none\" data-op-animation-style=\"\" data-op-animation-loop=\"0\" data-op-timer-minutes=\"0\" data-op-timer-seconds=\"0\" data-op3-smooth-scroll=\"0\" data-op-effect-style=\"\" data-op-effect-style-hover=\"\" data-op-courseaction=\"\" rel=\"noopener\">ACCEDER AHORA!<\/a><\/p>\n<h2>CURSOS CORTOS PARA CONTINUAR TU CAPACITACI\u00d3N EN PNL &amp; SUPERACI\u00d3N Y POTENCIAR A\u00daN M\u00c1S TODO EL PODER QUE TIENES EN TU CUERPO, MENTE Y ESP\u00cdRITU,&nbsp;CON SIMPLES PERO MUY PODEROSAS Y EFECTIVAS T\u00c9CNICAS!<\/h2>\n<h2>RECIBE TODOS LOS TEMAS MES A MES Y OTROS M\u00c1S COMO ESTOS:<\/h2>\n<p><a name='checkout'><\/a><img loading=\"lazy\" decoding=\"async\" src=\"https:\/\/cursodepnl.com\/exitosq\/wp-content\/uploads\/2022\/08\/cursos1-1__opdb-op6304f82ddb6c75-35812310.png\" alt=\"\" title=\"cursos1 (1)\" width=\"1140\" height=\"0\" data-op3-attachment-id=\"12573\" \/><img loading=\"lazy\" decoding=\"async\" src=\"https:\/\/cursodepnl.com\/exitosq\/wp-content\/uploads\/2022\/08\/cursos8-1__opdb-op6304f82ddb6c75-35812310.png\" alt=\"\" title=\"cursos8 (1)\" width=\"790\" height=\"346\" data-op3-attachment-id=\"12587\" \/><img loading=\"lazy\" decoding=\"async\" src=\"https:\/\/cursodepnl.com\/exitosq\/wp-content\/uploads\/2022\/08\/cursos7-1__opdb-op6304f82ddb6c75-35812310.png\" alt=\"\" title=\"cursos7 (1)\" width=\"773\" height=\"392\" data-op3-attachment-id=\"12585\" \/><img loading=\"lazy\" decoding=\"async\" src=\"https:\/\/cursodepnl.com\/exitosq\/wp-content\/uploads\/2022\/08\/cursos6-1__opdb-op6304f82ddb6c75-35812310.jpg\" alt=\"\" title=\"cursos6 (1)\" width=\"792\" height=\"432\" data-op3-attachment-id=\"12584\" \/><img loading=\"lazy\" decoding=\"async\" src=\"https:\/\/cursodepnl.com\/exitosq\/wp-content\/uploads\/2022\/08\/cursos2-1__opdb-op6304f82ddb6c75-35812310.png\" alt=\"\" title=\"cursos2 (1)\" width=\"768\" height=\"393\" data-op3-attachment-id=\"12575\" \/><img loading=\"lazy\" decoding=\"async\" src=\"https:\/\/cursodepnl.com\/exitosq\/wp-content\/uploads\/2022\/08\/cursos4-1__opdb-op6304f82ddb6c75-35812310.png\" alt=\"\" title=\"cursos4 (1)\" width=\"768\" height=\"387\" data-op3-attachment-id=\"12580\" \/><img loading=\"lazy\" decoding=\"async\" src=\"https:\/\/cursodepnl.com\/exitosq\/wp-content\/uploads\/2023\/06\/ertificado.png\" alt=\"\" title=\"ertificado\" width=\"370\" height=\"286\" data-op3-attachment-id=\"14069\" \/><\/p>\n<h2>&nbsp;CADA CURSO VIENE CON CERTIFICADO DE PARTICIPACI\u00d3N A TU NOMBRE!<\/h2>\n<h2>PREGUNTAS FRECUENTES:<\/h2>\n<p>Reci\u00e9n estoy aprendiendo sobre los temas de Superaci\u00f3n, \u00c9xito, PNL, etc. \u00bfMe servir\u00e1 lo que hay en ExitosaMente?<\/p>\n<p>S\u00ed, el contenido es perfecto para quienes quieren aprender desde cero sobre temas de PNL, Superaci\u00f3n, Desarrollo Personal, etc.<\/p>\n<p>Llevo un tiempo estudiando, aprendiendo y practicando sobre temas de Superaci\u00f3n Personal, PNL, etc. \u00bfMe servir\u00e1 lo que hay en ExitosaMente?<\/p>\n<p>S\u00ed, el contenido en ExitosaMente te proporcionar\u00e1 herramientas, recursos, gu\u00edas de acci\u00f3n, plantillas, audios, videos, gu\u00eda, apoyo y mucho m\u00e1s para llevar tus conocimientos al siguiente nivel.<\/p>\n<p>\u00bfPuedo unirme el pr\u00f3ximo mes a este mismo precio?<\/p>\n<p>El precio promocional es ahora y no podemos garantizar que se mantendr\u00e1 as\u00ed el pr\u00f3ximo mes. Si no te inscribes ahora y luego aumenta, deber\u00e1s pagar el precio nuevo.<\/p>\n<p>Si tengo preguntas o dudas, \u00bfme responder\u00e1n?<\/p>\n<p>S\u00ed, por supuesto. El soporte a usuarios incluye respuestas v\u00eda email en d\u00edas laborables.<\/p>\n<p>\u00bfPara quienes es el contenido de ExitosaMente?<\/p>\n<p>Todo el contenido es perfecto para personas interesadas en desarrollo personal, superaci\u00f3n, \u00e9xito, coaching, PNL, psicolog\u00eda positiva. Es decir, cualquiera que quiera aprender las mejores y m\u00e1s efectivas t\u00e9cnicas pr\u00e1cticas de todos estos temas.<\/p>\n<p>\u00bfPodr\u00e9 ver y usar los contenidos aunque no soy experta\/o en cuestiones tecnol\u00f3gicas?<\/p>\n<p>S\u00ed. Si est\u00e1s leyendo esta p\u00e1gina podr\u00e1s perfectamente acceder a todos los contenidos y herramientas que tenemos para ti en ExitosaMente sin necesidad de comprar software adicional ni conocimientos en tecnolog\u00eda.<\/p>\n<p>\u00bfCu\u00e1ndo tendr\u00e9 acceso a los diferentes cursos, videos, audios y herramientas en ExitosaMente?<\/p>\n<p>Una vez confirmado tu pago, recibir\u00e1s un email con los detalles de acceso (en general, unos minutos despu\u00e9s del pago).<\/p>\n<p>\u00bfPuedo cancelar la suscripci\u00f3n?<\/p>\n<p>S\u00ed, puede cancelar la suscripci\u00f3n cuando quieras, por cualquier raz\u00f3n, en cualquier momento, sin NINGUNA OBLIGACI\u00d3N.<\/p>\n<p>\u00bfExiste garant\u00eda de devoluci\u00f3n del dinero?<\/p>\n<p>S\u00ed. En el caso que no cumplamos lo prometido en esta p\u00e1gina de ventas, puedes solicitar tu devoluci\u00f3n sin ning\u00fan riesgo, por un plazo m\u00e1ximo de 30 d\u00edas.<\/p>\n<p>Si tengo otra duda no respondida aqu\u00ed \u00bfa d\u00f3nde puedo enviarla?<\/p>\n<p>Cualquier otra duda que tengas, env\u00edala completando el formulario <a href=\"https:\/\/cursodepnl.com\/exitosq\/contacto-pnl\/\" target=\"_blank\" rel=\"noopener\">haciendo Clic Aqu\u00ed<\/a><\/p>\n","protected":false},"excerpt":{"rendered":"<p>ACCEDE AHORA A EXITOSAMENTE Y RECIBE EL MATERIAL COMPLETO SOBRE LIB\u00c9RATE LIMIT\u00c1NDOTE! \u00bfQU\u00c9 ES EXITOSAMENTE Y C\u00d3MO PUEDES ACCEDER? Son cursos mensuales de superaci\u00f3n &amp; PNL, con certificado, que recibes una vez por mes.Para hacer cuando quieras, donde quieras.Tambi\u00e9n recibes audios, videos y otros materiales todos focalizados en tu bienestar f\u00edsico y emocional. PARA RECIBIRLO [&hellip;]<\/p>\n","protected":false},"author":1,"featured_media":0,"parent":0,"menu_order":0,"comment_status":"open","ping_status":"open","template":"op_builder_full_width","meta":{"_joinchat":[],"footnotes":""},"class_list":["post-14276","page","type-page","status-publish","hentry"],"yoast_head":"<!-- This site is optimized with the Yoast SEO plugin v25.4 - https:\/\/yoast.com\/wordpress\/plugins\/seo\/ -->\n<title>ExitosaMente Liberate Limitandote - Exitosamente Sq<\/title>\n<meta name=\"robots\" content=\"index, follow, max-snippet:-1, max-image-preview:large, max-video-preview:-1\" \/>\n<link rel=\"canonical\" href=\"https:\/\/cursodepnl.com\/exitosq\/exitosamente-liberate\/\" \/>\n<meta property=\"og:locale\" content=\"es_ES\" \/>\n<meta property=\"og:type\" content=\"article\" \/>\n<meta property=\"og:title\" content=\"ExitosaMente Liberate Limitandote - Exitosamente Sq\" \/>\n<meta property=\"og:description\" content=\"ACCEDE AHORA A EXITOSAMENTE Y RECIBE EL MATERIAL COMPLETO SOBRE LIB\u00c9RATE LIMIT\u00c1NDOTE! \u00bfQU\u00c9 ES EXITOSAMENTE Y C\u00d3MO PUEDES ACCEDER? Son cursos mensuales de superaci\u00f3n &amp; PNL, con certificado, que recibes una vez por mes.Para hacer cuando quieras, donde quieras.Tambi\u00e9n recibes audios, videos y otros materiales todos focalizados en tu bienestar f\u00edsico y emocional. PARA RECIBIRLO [&hellip;]\" \/>\n<meta property=\"og:url\" content=\"https:\/\/cursodepnl.com\/exitosq\/exitosamente-liberate\/\" \/>\n<meta property=\"og:site_name\" content=\"Exitosamente Sq\" \/>\n<meta property=\"article:publisher\" content=\"http:\/\/facebook.com\/pnlonline\" \/>\n<meta property=\"article:modified_time\" content=\"2023-07-31T13:44:39+00:00\" \/>\n<meta property=\"og:image\" content=\"https:\/\/cursodepnl.com\/exitosq\/wp-content\/uploads\/2021\/05\/descargarlibertatelimit.jpg\" \/>\n<meta name=\"twitter:card\" content=\"summary_large_image\" \/>\n<meta name=\"twitter:label1\" content=\"Tiempo de lectura\" \/>\n\t<meta name=\"twitter:data1\" content=\"8 minutos\" \/>\n<script type=\"application\/ld+json\" class=\"yoast-schema-graph\">{\"@context\":\"https:\/\/schema.org\",\"@graph\":[{\"@type\":\"WebPage\",\"@id\":\"https:\/\/cursodepnl.com\/exitosq\/exitosamente-liberate\/\",\"url\":\"https:\/\/cursodepnl.com\/exitosq\/exitosamente-liberate\/\",\"name\":\"ExitosaMente Liberate Limitandote - Exitosamente Sq\",\"isPartOf\":{\"@id\":\"https:\/\/cursodepnl.com\/exitosq\/#website\"},\"primaryImageOfPage\":{\"@id\":\"https:\/\/cursodepnl.com\/exitosq\/exitosamente-liberate\/#primaryimage\"},\"image\":{\"@id\":\"https:\/\/cursodepnl.com\/exitosq\/exitosamente-liberate\/#primaryimage\"},\"thumbnailUrl\":\"https:\/\/cursodepnl.com\/exitosq\/wp-content\/uploads\/2021\/05\/descargarlibertatelimit.jpg\",\"datePublished\":\"2023-07-31T13:38:36+00:00\",\"dateModified\":\"2023-07-31T13:44:39+00:00\",\"breadcrumb\":{\"@id\":\"https:\/\/cursodepnl.com\/exitosq\/exitosamente-liberate\/#breadcrumb\"},\"inLanguage\":\"es\",\"potentialAction\":[{\"@type\":\"ReadAction\",\"target\":[\"https:\/\/cursodepnl.com\/exitosq\/exitosamente-liberate\/\"]}]},{\"@type\":\"ImageObject\",\"inLanguage\":\"es\",\"@id\":\"https:\/\/cursodepnl.com\/exitosq\/exitosamente-liberate\/#primaryimage\",\"url\":\"https:\/\/cursodepnl.com\/exitosq\/wp-content\/uploads\/2021\/05\/descargarlibertatelimit.jpg\",\"contentUrl\":\"https:\/\/cursodepnl.com\/exitosq\/wp-content\/uploads\/2021\/05\/descargarlibertatelimit.jpg\",\"width\":329,\"height\":307},{\"@type\":\"BreadcrumbList\",\"@id\":\"https:\/\/cursodepnl.com\/exitosq\/exitosamente-liberate\/#breadcrumb\",\"itemListElement\":[{\"@type\":\"ListItem\",\"position\":1,\"name\":\"Portada\",\"item\":\"https:\/\/cursodepnl.com\/exitosq\/\"},{\"@type\":\"ListItem\",\"position\":2,\"name\":\"ExitosaMente Liberate Limitandote\"}]},{\"@type\":\"WebSite\",\"@id\":\"https:\/\/cursodepnl.com\/exitosq\/#website\",\"url\":\"https:\/\/cursodepnl.com\/exitosq\/\",\"name\":\"Exitosamente Sq\",\"description\":\"Exitosamente de Curso De PNL.com\",\"potentialAction\":[{\"@type\":\"SearchAction\",\"target\":{\"@type\":\"EntryPoint\",\"urlTemplate\":\"https:\/\/cursodepnl.com\/exitosq\/?s={search_term_string}\"},\"query-input\":{\"@type\":\"PropertyValueSpecification\",\"valueRequired\":true,\"valueName\":\"search_term_string\"}}],\"inLanguage\":\"es\"}]}<\/script>\n<!-- \/ Yoast SEO plugin. -->","yoast_head_json":{"title":"ExitosaMente Liberate Limitandote - Exitosamente Sq","robots":{"index":"index","follow":"follow","max-snippet":"max-snippet:-1","max-image-preview":"max-image-preview:large","max-video-preview":"max-video-preview:-1"},"canonical":"https:\/\/cursodepnl.com\/exitosq\/exitosamente-liberate\/","og_locale":"es_ES","og_type":"article","og_title":"ExitosaMente Liberate Limitandote - Exitosamente Sq","og_description":"ACCEDE AHORA A EXITOSAMENTE Y RECIBE EL MATERIAL COMPLETO SOBRE LIB\u00c9RATE LIMIT\u00c1NDOTE! \u00bfQU\u00c9 ES EXITOSAMENTE Y C\u00d3MO PUEDES ACCEDER? Son cursos mensuales de superaci\u00f3n &amp; PNL, con certificado, que recibes una vez por mes.Para hacer cuando quieras, donde quieras.Tambi\u00e9n recibes audios, videos y otros materiales todos focalizados en tu bienestar f\u00edsico y emocional. PARA RECIBIRLO [&hellip;]","og_url":"https:\/\/cursodepnl.com\/exitosq\/exitosamente-liberate\/","og_site_name":"Exitosamente Sq","article_publisher":"http:\/\/facebook.com\/pnlonline","article_modified_time":"2023-07-31T13:44:39+00:00","og_image":[{"url":"https:\/\/cursodepnl.com\/exitosq\/wp-content\/uploads\/2021\/05\/descargarlibertatelimit.jpg","type":"","width":"","height":""}],"twitter_card":"summary_large_image","twitter_misc":{"Tiempo de lectura":"8 minutos"},"schema":{"@context":"https:\/\/schema.org","@graph":[{"@type":"WebPage","@id":"https:\/\/cursodepnl.com\/exitosq\/exitosamente-liberate\/","url":"https:\/\/cursodepnl.com\/exitosq\/exitosamente-liberate\/","name":"ExitosaMente Liberate Limitandote - Exitosamente Sq","isPartOf":{"@id":"https:\/\/cursodepnl.com\/exitosq\/#website"},"primaryImageOfPage":{"@id":"https:\/\/cursodepnl.com\/exitosq\/exitosamente-liberate\/#primaryimage"},"image":{"@id":"https:\/\/cursodepnl.com\/exitosq\/exitosamente-liberate\/#primaryimage"},"thumbnailUrl":"https:\/\/cursodepnl.com\/exitosq\/wp-content\/uploads\/2021\/05\/descargarlibertatelimit.jpg","datePublished":"2023-07-31T13:38:36+00:00","dateModified":"2023-07-31T13:44:39+00:00","breadcrumb":{"@id":"https:\/\/cursodepnl.com\/exitosq\/exitosamente-liberate\/#breadcrumb"},"inLanguage":"es","potentialAction":[{"@type":"ReadAction","target":["https:\/\/cursodepnl.com\/exitosq\/exitosamente-liberate\/"]}]},{"@type":"ImageObject","inLanguage":"es","@id":"https:\/\/cursodepnl.com\/exitosq\/exitosamente-liberate\/#primaryimage","url":"https:\/\/cursodepnl.com\/exitosq\/wp-content\/uploads\/2021\/05\/descargarlibertatelimit.jpg","contentUrl":"https:\/\/cursodepnl.com\/exitosq\/wp-content\/uploads\/2021\/05\/descargarlibertatelimit.jpg","width":329,"height":307},{"@type":"BreadcrumbList","@id":"https:\/\/cursodepnl.com\/exitosq\/exitosamente-liberate\/#breadcrumb","itemListElement":[{"@type":"ListItem","position":1,"name":"Portada","item":"https:\/\/cursodepnl.com\/exitosq\/"},{"@type":"ListItem","position":2,"name":"ExitosaMente Liberate Limitandote"}]},{"@type":"WebSite","@id":"https:\/\/cursodepnl.com\/exitosq\/#website","url":"https:\/\/cursodepnl.com\/exitosq\/","name":"Exitosamente Sq","description":"Exitosamente de Curso De PNL.com","potentialAction":[{"@type":"SearchAction","target":{"@type":"EntryPoint","urlTemplate":"https:\/\/cursodepnl.com\/exitosq\/?s={search_term_string}"},"query-input":{"@type":"PropertyValueSpecification","valueRequired":true,"valueName":"search_term_string"}}],"inLanguage":"es"}]}},"_links":{"self":[{"href":"https:\/\/cursodepnl.com\/exitosq\/wp-json\/wp\/v2\/pages\/14276","targetHints":{"allow":["GET"]}}],"collection":[{"href":"https:\/\/cursodepnl.com\/exitosq\/wp-json\/wp\/v2\/pages"}],"about":[{"href":"https:\/\/cursodepnl.com\/exitosq\/wp-json\/wp\/v2\/types\/page"}],"author":[{"embeddable":true,"href":"https:\/\/cursodepnl.com\/exitosq\/wp-json\/wp\/v2\/users\/1"}],"replies":[{"embeddable":true,"href":"https:\/\/cursodepnl.com\/exitosq\/wp-json\/wp\/v2\/comments?post=14276"}],"version-history":[{"count":3,"href":"https:\/\/cursodepnl.com\/exitosq\/wp-json\/wp\/v2\/pages\/14276\/revisions"}],"predecessor-version":[{"id":14279,"href":"https:\/\/cursodepnl.com\/exitosq\/wp-json\/wp\/v2\/pages\/14276\/revisions\/14279"}],"wp:attachment":[{"href":"https:\/\/cursodepnl.com\/exitosq\/wp-json\/wp\/v2\/media?parent=14276"}],"curies":[{"name":"wp","href":"https:\/\/api.w.org\/{rel}","templated":true}]}}