{"id":1754,"date":"2015-09-10T15:19:34","date_gmt":"2015-09-10T15:19:34","guid":{"rendered":"https:\/\/cursodepnl.com\/exitosq\/?page_id=1754"},"modified":"2020-04-20T18:53:01","modified_gmt":"2020-04-20T18:53:01","slug":"exitosamente-tarjeta-argentina","status":"publish","type":"page","link":"https:\/\/cursodepnl.com\/exitosq\/exitosamente-tarjeta-argentina\/","title":{"rendered":"Exitosamente Tarjeta Argentina"},"content":{"rendered":"<p><img loading=\"lazy\" decoding=\"async\" title=\"barra2\" src=\"http:\/\/bajar-de-peso.com.ar\/wp-content\/uploads\/2010\/07\/barra2.gif\" alt=\"\" width=\"657\" height=\"40\" \/><\/p>\n<p><span style=\"font-family: arial, helvetica, sans-serif; font-size: 12pt;\">Por favor haz clic en el siguiente bot\u00f3n para procesar el pago en forma segura y al finalizar recibir\u00e1s tu acceso y a los regalos por anotarte hoy! <strong>Estas opciones son v\u00e1lidas \u00fanicamente con tarjetas <span style=\"text-decoration: underline;\">argentinas<\/span>.<\/strong><\/span><\/p>\n<p><span style=\"font-family: arial, helvetica, sans-serif; font-size: 12pt;\">Tenes dos opciones: Pago Completo con 3 meses GRATIS o Pago Mensual. Elige tu opci\u00f3n haciendo clic en la solapa correspondiente<\/span>:<br \/>\n [ez_tabs tab1=\u00bbCompleta\u00bb tab2=\u00bbMensual\u00bb]<br \/>\n [ez_tab]<br \/>\n <strong>Suscripci\u00f3n Anual con 3 meses GRATIS 3900 $ argentinos <\/strong> Pod\u00e9s pagar en cuotas con tarjeta.<\/p>\n<p><a mp-mode=\"redirect\" class=\"blue-ar-l-rn-none\" href=\"https:\/\/www.mercadopago.com\/mla\/debits\/new?preapproval_plan_id=2c9380847196598d017198d280ea0093\" name=\"MP-payButton\"><img loading=\"lazy\" decoding=\"async\" class=\"aligncenter size-full wp-image-1440\" src=\"https:\/\/cursodepnl.com\/exitosq\/wp-content\/uploads\/2015\/06\/mercadopago.jpg\" alt=\"mercadopago\" width=\"148\" height=\"81\" \/><\/a><br \/>\n <script type=\"text\/javascript\">\n    (function() {\n        function $MPC_load() {\n            window.$MPC_loaded !== true && (function() {\n                var s = document.createElement(\"script\");\n                s.type = \"text\/javascript\";\n                s.async = true;\n                s.src = document.location.protocol + \"\/\/secure.mlstatic.com\/mptools\/render.js\";\n                var x = document.getElementsByTagName('script')[0];\n                x.parentNode.insertBefore(s, x);\n                window.$MPC_loaded = true;\n            })();\n        }\n        window.$MPC_loaded !== true ? (window.attachEvent ? window.attachEvent('onload', $MPC_load) : window.addEventListener('load', $MPC_load, false)) : null;\n    })();\n<\/script>[\/ez_tab]<br \/>\n [ez_tab]<strong><span style=\"color: #3366ff; font-size: medium;\">Opci\u00f3n 2: Suscripci\u00f3n Mensual: 440 pesos por mes <\/span><br \/>\n <\/strong><br \/>\n <a mp-mode=\"redirect\" class=\"blue-ar-l-rn-none\" href=\"https:\/\/mpago.la\/2XP3Y3\" name=\"MP-payButton\"><img loading=\"lazy\" decoding=\"async\" class=\"aligncenter size-full wp-image-1440\" src=\"https:\/\/cursodepnl.com\/exitosq\/wp-content\/uploads\/2015\/06\/mercadopago.jpg\" alt=\"mercadopago\" width=\"148\" height=\"81\" \/><\/a><br \/>\n <script type=\"text\/javascript\">\n    (function() {\n        function $MPC_load() {\n            window.$MPC_loaded !== true && (function() {\n                var s = document.createElement(\"script\");\n                s.type = \"text\/javascript\";\n                s.async = true;\n                s.src = document.location.protocol + \"\/\/secure.mlstatic.com\/mptools\/render.js\";\n                var x = document.getElementsByTagName('script')[0];\n                x.parentNode.insertBefore(s, x);\n                window.$MPC_loaded = true;\n            })();\n        }\n        window.$MPC_loaded !== true ? (window.attachEvent ? window.attachEvent('onload', $MPC_load) : window.addEventListener('load', $MPC_load, false)) : null;\n    })();\n<\/script>[\/ez_tab]<br \/>\n [\/ez_tabs]<\/p>\n","protected":false},"excerpt":{"rendered":"<p>Por favor haz clic en el siguiente bot\u00f3n para procesar el pago en forma segura y al finalizar recibir\u00e1s tu acceso y a los regalos por anotarte hoy! Estas opciones son v\u00e1lidas \u00fanicamente con tarjetas argentinas. Tenes dos opciones: Pago Completo con 3 meses GRATIS o Pago Mensual. Elige tu opci\u00f3n haciendo clic en la [&hellip;]<\/p>\n","protected":false},"author":1,"featured_media":0,"parent":0,"menu_order":0,"comment_status":"open","ping_status":"open","template":"","meta":{"_joinchat":[],"footnotes":""},"class_list":["post-1754","page","type-page","status-publish","hentry"],"yoast_head":"<!-- This site is optimized with the Yoast SEO plugin v25.4 - https:\/\/yoast.com\/wordpress\/plugins\/seo\/ -->\n<title>Exitosamente Tarjeta Argentina - Exitosamente Sq<\/title>\n<meta name=\"robots\" content=\"index, follow, max-snippet:-1, max-image-preview:large, max-video-preview:-1\" \/>\n<link rel=\"canonical\" href=\"https:\/\/cursodepnl.com\/exitosq\/exitosamente-tarjeta-argentina\/\" \/>\n<meta property=\"og:locale\" content=\"es_ES\" \/>\n<meta property=\"og:type\" content=\"article\" \/>\n<meta property=\"og:title\" content=\"Exitosamente Tarjeta Argentina - Exitosamente Sq\" \/>\n<meta property=\"og:description\" content=\"Por favor haz clic en el siguiente bot\u00f3n para procesar el pago en forma segura y al finalizar recibir\u00e1s tu acceso y a los regalos por anotarte hoy! Estas opciones son v\u00e1lidas \u00fanicamente con tarjetas argentinas. Tenes dos opciones: Pago Completo con 3 meses GRATIS o Pago Mensual. Elige tu opci\u00f3n haciendo clic en la [&hellip;]\" \/>\n<meta property=\"og:url\" content=\"https:\/\/cursodepnl.com\/exitosq\/exitosamente-tarjeta-argentina\/\" \/>\n<meta property=\"og:site_name\" content=\"Exitosamente Sq\" \/>\n<meta property=\"article:publisher\" content=\"http:\/\/facebook.com\/pnlonline\" \/>\n<meta property=\"article:modified_time\" content=\"2020-04-20T18:53:01+00:00\" \/>\n<meta property=\"og:image\" content=\"http:\/\/bajar-de-peso.com.ar\/wp-content\/uploads\/2010\/07\/barra2.gif\" \/>\n<meta name=\"twitter:card\" content=\"summary_large_image\" \/>\n<script type=\"application\/ld+json\" class=\"yoast-schema-graph\">{\"@context\":\"https:\/\/schema.org\",\"@graph\":[{\"@type\":\"WebPage\",\"@id\":\"https:\/\/cursodepnl.com\/exitosq\/exitosamente-tarjeta-argentina\/\",\"url\":\"https:\/\/cursodepnl.com\/exitosq\/exitosamente-tarjeta-argentina\/\",\"name\":\"Exitosamente Tarjeta Argentina - Exitosamente Sq\",\"isPartOf\":{\"@id\":\"https:\/\/cursodepnl.com\/exitosq\/#website\"},\"primaryImageOfPage\":{\"@id\":\"https:\/\/cursodepnl.com\/exitosq\/exitosamente-tarjeta-argentina\/#primaryimage\"},\"image\":{\"@id\":\"https:\/\/cursodepnl.com\/exitosq\/exitosamente-tarjeta-argentina\/#primaryimage\"},\"thumbnailUrl\":\"http:\/\/bajar-de-peso.com.ar\/wp-content\/uploads\/2010\/07\/barra2.gif\",\"datePublished\":\"2015-09-10T15:19:34+00:00\",\"dateModified\":\"2020-04-20T18:53:01+00:00\",\"breadcrumb\":{\"@id\":\"https:\/\/cursodepnl.com\/exitosq\/exitosamente-tarjeta-argentina\/#breadcrumb\"},\"inLanguage\":\"es\",\"potentialAction\":[{\"@type\":\"ReadAction\",\"target\":[\"https:\/\/cursodepnl.com\/exitosq\/exitosamente-tarjeta-argentina\/\"]}]},{\"@type\":\"ImageObject\",\"inLanguage\":\"es\",\"@id\":\"https:\/\/cursodepnl.com\/exitosq\/exitosamente-tarjeta-argentina\/#primaryimage\",\"url\":\"http:\/\/bajar-de-peso.com.ar\/wp-content\/uploads\/2010\/07\/barra2.gif\",\"contentUrl\":\"http:\/\/bajar-de-peso.com.ar\/wp-content\/uploads\/2010\/07\/barra2.gif\"},{\"@type\":\"BreadcrumbList\",\"@id\":\"https:\/\/cursodepnl.com\/exitosq\/exitosamente-tarjeta-argentina\/#breadcrumb\",\"itemListElement\":[{\"@type\":\"ListItem\",\"position\":1,\"name\":\"Portada\",\"item\":\"https:\/\/cursodepnl.com\/exitosq\/\"},{\"@type\":\"ListItem\",\"position\":2,\"name\":\"Exitosamente Tarjeta Argentina\"}]},{\"@type\":\"WebSite\",\"@id\":\"https:\/\/cursodepnl.com\/exitosq\/#website\",\"url\":\"https:\/\/cursodepnl.com\/exitosq\/\",\"name\":\"Exitosamente Sq\",\"description\":\"Exitosamente de Curso De PNL.com\",\"potentialAction\":[{\"@type\":\"SearchAction\",\"target\":{\"@type\":\"EntryPoint\",\"urlTemplate\":\"https:\/\/cursodepnl.com\/exitosq\/?s={search_term_string}\"},\"query-input\":{\"@type\":\"PropertyValueSpecification\",\"valueRequired\":true,\"valueName\":\"search_term_string\"}}],\"inLanguage\":\"es\"}]}<\/script>\n<!-- \/ Yoast SEO plugin. -->","yoast_head_json":{"title":"Exitosamente Tarjeta Argentina - Exitosamente Sq","robots":{"index":"index","follow":"follow","max-snippet":"max-snippet:-1","max-image-preview":"max-image-preview:large","max-video-preview":"max-video-preview:-1"},"canonical":"https:\/\/cursodepnl.com\/exitosq\/exitosamente-tarjeta-argentina\/","og_locale":"es_ES","og_type":"article","og_title":"Exitosamente Tarjeta Argentina - Exitosamente Sq","og_description":"Por favor haz clic en el siguiente bot\u00f3n para procesar el pago en forma segura y al finalizar recibir\u00e1s tu acceso y a los regalos por anotarte hoy! Estas opciones son v\u00e1lidas \u00fanicamente con tarjetas argentinas. Tenes dos opciones: Pago Completo con 3 meses GRATIS o Pago Mensual. Elige tu opci\u00f3n haciendo clic en la [&hellip;]","og_url":"https:\/\/cursodepnl.com\/exitosq\/exitosamente-tarjeta-argentina\/","og_site_name":"Exitosamente Sq","article_publisher":"http:\/\/facebook.com\/pnlonline","article_modified_time":"2020-04-20T18:53:01+00:00","og_image":[{"url":"http:\/\/bajar-de-peso.com.ar\/wp-content\/uploads\/2010\/07\/barra2.gif","type":"","width":"","height":""}],"twitter_card":"summary_large_image","schema":{"@context":"https:\/\/schema.org","@graph":[{"@type":"WebPage","@id":"https:\/\/cursodepnl.com\/exitosq\/exitosamente-tarjeta-argentina\/","url":"https:\/\/cursodepnl.com\/exitosq\/exitosamente-tarjeta-argentina\/","name":"Exitosamente Tarjeta Argentina - Exitosamente Sq","isPartOf":{"@id":"https:\/\/cursodepnl.com\/exitosq\/#website"},"primaryImageOfPage":{"@id":"https:\/\/cursodepnl.com\/exitosq\/exitosamente-tarjeta-argentina\/#primaryimage"},"image":{"@id":"https:\/\/cursodepnl.com\/exitosq\/exitosamente-tarjeta-argentina\/#primaryimage"},"thumbnailUrl":"http:\/\/bajar-de-peso.com.ar\/wp-content\/uploads\/2010\/07\/barra2.gif","datePublished":"2015-09-10T15:19:34+00:00","dateModified":"2020-04-20T18:53:01+00:00","breadcrumb":{"@id":"https:\/\/cursodepnl.com\/exitosq\/exitosamente-tarjeta-argentina\/#breadcrumb"},"inLanguage":"es","potentialAction":[{"@type":"ReadAction","target":["https:\/\/cursodepnl.com\/exitosq\/exitosamente-tarjeta-argentina\/"]}]},{"@type":"ImageObject","inLanguage":"es","@id":"https:\/\/cursodepnl.com\/exitosq\/exitosamente-tarjeta-argentina\/#primaryimage","url":"http:\/\/bajar-de-peso.com.ar\/wp-content\/uploads\/2010\/07\/barra2.gif","contentUrl":"http:\/\/bajar-de-peso.com.ar\/wp-content\/uploads\/2010\/07\/barra2.gif"},{"@type":"BreadcrumbList","@id":"https:\/\/cursodepnl.com\/exitosq\/exitosamente-tarjeta-argentina\/#breadcrumb","itemListElement":[{"@type":"ListItem","position":1,"name":"Portada","item":"https:\/\/cursodepnl.com\/exitosq\/"},{"@type":"ListItem","position":2,"name":"Exitosamente Tarjeta Argentina"}]},{"@type":"WebSite","@id":"https:\/\/cursodepnl.com\/exitosq\/#website","url":"https:\/\/cursodepnl.com\/exitosq\/","name":"Exitosamente Sq","description":"Exitosamente de Curso De PNL.com","potentialAction":[{"@type":"SearchAction","target":{"@type":"EntryPoint","urlTemplate":"https:\/\/cursodepnl.com\/exitosq\/?s={search_term_string}"},"query-input":{"@type":"PropertyValueSpecification","valueRequired":true,"valueName":"search_term_string"}}],"inLanguage":"es"}]}},"_links":{"self":[{"href":"https:\/\/cursodepnl.com\/exitosq\/wp-json\/wp\/v2\/pages\/1754","targetHints":{"allow":["GET"]}}],"collection":[{"href":"https:\/\/cursodepnl.com\/exitosq\/wp-json\/wp\/v2\/pages"}],"about":[{"href":"https:\/\/cursodepnl.com\/exitosq\/wp-json\/wp\/v2\/types\/page"}],"author":[{"embeddable":true,"href":"https:\/\/cursodepnl.com\/exitosq\/wp-json\/wp\/v2\/users\/1"}],"replies":[{"embeddable":true,"href":"https:\/\/cursodepnl.com\/exitosq\/wp-json\/wp\/v2\/comments?post=1754"}],"version-history":[{"count":16,"href":"https:\/\/cursodepnl.com\/exitosq\/wp-json\/wp\/v2\/pages\/1754\/revisions"}],"predecessor-version":[{"id":7870,"href":"https:\/\/cursodepnl.com\/exitosq\/wp-json\/wp\/v2\/pages\/1754\/revisions\/7870"}],"wp:attachment":[{"href":"https:\/\/cursodepnl.com\/exitosq\/wp-json\/wp\/v2\/media?parent=1754"}],"curies":[{"name":"wp","href":"https:\/\/api.w.org\/{rel}","templated":true}]}}